22. Let o(g) = 7*g**2 + 5*g + 7. Let r(z) = 7*o(z) + 2*t(z). Calculate r(6).
-1
Suppose 0*r + 4*r = -140. Let n = -38 - r. Let p(y) = -5*y + 0*y**2 + y**2 + 1 + 4*y. Give p(n).
13
Let g = -50 + 70. Let y be -2*4/g*5. Let z(j) = j**3 + 5*j**2 + 4*j + 3. Determine z(y).
7
Let k(y) = -3*y + 50. Let p be k(17). Let q(x) = -x - 4*x - 2*x - 1. Give q(p).
6
Let s(c) be the third derivative of -c**4/24 - c**3 + c**2. Let h = -1130 + 1122. Determine s(h).
2
Let z(o) = o**2 + 3*o + 1. Let k = 17 + -12. Let u be 1 - k - (-36)/(-18). Let a be 9/u*(-12)/(-9). Give z(a).
-1
Let w(j) = 221*j**2 + 3 + 5 + 1 - 13*j - 219*j**2. Give w(5).
-6
Let x(t) be the third derivative of 1/24*t**4 - 1/2*t**3 + 0*t + 0 - 4*t**2. Suppose 3*y = -3*l - 0*l, -5*y + 40 = -5*l. Determine x(y).
1
Let f(r) = r - 3. Let g = 37 + -35. Let t = 34 + -21. Suppose -g*b = 1 - t. What is f(b)?
3
Let w(d) = d**2 + 4*d - 3. Let s = 2 - 6. Let g(r) = 3 + 0*r**2 - r**2 - 5*r + 0*r**2. Let b(a) = s*w(a) - 3*g(a). Calculate b(0).
3
Let p(x) = -x**3 - 7*x**2 - 6*x - 7. Let i(w) = -9*w. Let l be (-7)/(7/2) + 1. Let b be i(l). Suppose 0 = -j - 5*g + b, 4*j - 5*g - 19 = -58. Determine p(j).
-7
Let h(k) = -k**2 + 8*k - 10. Let g be h(7). Let s = g - -3. Suppose -3*w + 7*j - 2*j + 16 = s, 3*j = -5*w + 4. Let r(o) = -o**2 + 2*o - 2. Calculate r(w).
-2
Let d(q) be the third derivative of q**8/20160 + q**7/840 - 11*q**5/30 - 4*q**2. Let z(f) be the third derivative of d(f). What is z(-6)?
0
Let o(s) = 14*s**2 - 12*s + 12. Let t(r) = r**2 - r + 1. Let v(f) = -o(f) + 12*t(f). Let m = 13 - 31. Let w = m + 17. Determine v(w).
-2
Let a(x) = x**3 + 2*x - 3. Suppose 2 = -2*u + 3*w, 13*w = -4*u + 14*w + 6. Determine a(u).
9
Let b be 3/((10/(-4))/5). Suppose 23 - 1 = 2*m. Let s(g) = 7*g - 19 - 5*g**2 + 15 + m - g**3. Determine s(b).
1
Let d(h) = h. Let r(a) = 3*a + 3. Let w(u) = -2*d(u) + r(u). Let c = 1319 - 1322. What is w(c)?
0
Suppose r - 2*j = 2, -3*r + 5*j = -5*r + 13. Let s(l) = 0*l - 4*l + 5*l + r. Let a = -186 + 182. What is s(a)?
0
Let m(l) = l**3 + 4*l**2 - l - 9. Let k(y) = y**3 - 4*y**2 - 9*y + 16. Let x be k(5). What is m(x)?
-5
Let j = -765 + 763. Let u(k) = k**3 + 3*k**2 + 4*k - 2. What is u(j)?
-6
Let g(i) = 2*i**2 - 5*i + 2. Let l(v) = v**2 - 4*v + 5. Let a be l(1). Calculate g(a).
0
Let w(b) = -b + 3. Suppose -7*k + 15 = -4*k, 2*d + 3*k = -1. Calculate w(d).
11
Let o(y) = 6*y - 1 - 3*y - y**2 - 1 + 6. Let p(n) = -n**2 + 10*n - 6. Let f be p(9). Give o(f).
4
Suppose 309 - 314 = y. Let c(x) = x**2 + 3*x - 6. What is c(y)?
4
Let w be (14/4)/(8/64*4). Let k(c) = c**3 + 2 - 3*c**2 - 3*c**2 - c**2. Calculate k(w).
2
Let a = 143 - 146. Let t(m) = m**2 + 3*m - 3*m - 4. Determine t(a).
5
Let c(g) = -6*g**2 - g**3 - 1 - 5 - 3 - 3*g. Let o(s) = -40*s + 394. Let a be o(10). Calculate c(a).
9
Suppose -4*v = -5*j + j, 3*v = 4*j + 1. Let s(a) = -a**2 - 18*a + 7. Let o(l) = -3*l + 1. Let f(y) = 6*o(y) - s(y). Determine f(v).
0
Let w(o) = o**3 - 6*o**2 + 5*o + 2. Suppose 3*n = 8 + 7. Let f be w(n). Let r(l) = -l - l**2 - 2 + f*l - 2 + l. Calculate r(4).
-12
Let d(l) = -l**3 + l**2 + 4*l + 3. Suppose -t + 4*z = -10, 8*z - 3*z + 12 = t. Suppose t*x + 4 - 10 = 0. Suppose -a = -r - x, -r + 4*a = a + 5. Determine d(r).
7
Let m(k) = k**3 - 6*k**2 + 5*k + 3. Suppose -y - 3 = q - 0*q, -q + 5*y = 9. Let u(n) be the first derivative of -n**2/2 + n - 5. Let z be u(q). What is m(z)?
3
Let n(k) = k**2 + 2. Let a be n(2). Suppose -a*r = -4*r - 10. Let c = r - 9. Let x(j) = j**3 + 5*j**2 + 4*j + 1. Determine x(c).
1
Let r(y) = 1. Let c(j) = -j - 8. Let p(x) = -c(x) - 6*r(x). Let o(s) = -s**3 - 7*s**2 - 6*s - 6. Let a be o(-6). Let d = 8 + a. Calculate p(d).
4
Let d(y) = y**3 + 7*y**2 - 7*y + 8. Let g(z) = -2*z**2 - 6*z. Let x = -9 + 5. Let c be g(x). Calculate d(c).
0
Let h(n) = 2*n + 3. Let u be h(0). Suppose u*q + 30 = 24. Let m(c) = 2*c**3 + 3*c**2 + c + 2. Determine m(q).
-4
Suppose j - 5 = 2*v - v, 3*j - 2*v = 13. Let a(p) = -6*p - j + 0 + 6 - 4. Determine a(1).
-7
Let q(g) = g + 7. Let v(t) = -t**3 - 8*t**2 - 7*t + 5. Let x = -68 + 61. Let i be v(x). Give q(i).
12
Let i(t) = -21*t - 4 - 31*t - t**2 + 58*t. Calculate i(3).
5
Let l(t) be the third derivative of -t**7/1008 + t**6/180 - t**5/15 + 45*t**2. Let y(f) be the third derivative of l(f). Give y(5).
-21
Suppose 3*t + 14 = -5*s, -2*t = 2*t + 5*s + 17. Let r(m) be the second derivative of m**5/20 + m**4/4 - m**3/6 - 5*m. Calculate r(t).
3
Let o(t) = 2*t**3 - 3*t**2 - 2*t + 3. Let k(g) = 4*g**3 - 6*g**2 - 5*g + 7. Let x(d) = -6*k(d) + 13*o(d). Let c(a) = 164*a + 658. Let f be c(-4). Give x(f).
9
Let i(c) = 11*c**2 + 38*c + 12. Let t(s) = -5*s**2 - 16*s - 5. Let k(l) = 3*i(l) + 7*t(l). Calculate k(-1).
-3
Let z(w) be the first derivative of -w**4/4 - 4*w**3/3 + w**2/2 - 3*w + 2. Suppose -36 = -2*g - 44. Give z(g).
-7
Let i = -5 + -2. Let b = i - -6. Let o(z) = 2*z - 9*z**3 - 8 + 9 + 5*z**3 - 7*z**3. Give o(b).
10
Let t(r) = -2*r**3 - 4*r**2 - 3*r + 15. Let a(s) = -s**3 - 3*s**2 - s + 8. Let m(i) = 11*a(i) - 6*t(i). What is m(8)?
-10
Let y(s) = -s + 8. Let c be y(7). Let t be 2*(2 + c)/3. Let a(k) = -2*k - 3. Let i(b) = -4*b - 7. Let n(m) = 9*a(m) - 4*i(m). What is n(t)?
-3
Let h(m) = 7*m**3 + 4*m - 8*m**3 + 66*m**2 - 8*m - 69*m**2. Determine h(-3).
12
Let h = -43 + 38. Let z(c) = -2*c**3 + 8*c**2 - 3*c. Let k(f) = -f**3 + 7*f**2 - 2*f. Let g(s) = -3*k(s) + 2*z(s). What is g(h)?
0
Let t(i) = -12*i + 2. Let d(c) = -2*c + 90. Let w be d(43). Give t(w).
-46
Let u(l) be the first derivative of -l**4/12 + 2*l**3 + 14*l - 20. Let m(k) be the first derivative of u(k). Determine m(12).
0
Let d = 47 + -49. Let r be -5 + (-2)/(0 + d). Let b(z) = z**3 + 5*z**2 + 6*z + 4. Determine b(r).
-4
Let p(j) be the first derivative of -2*j**3/3 + 5*j**2 - 12*j + 72. Give p(8).
-60
Let p(z) = 3*z + 12. Let h(j) = j**3 + 9*j**2 - j - 16. Let n be h(-9). Give p(n).
-9
Let m(o) be the second derivative of -o**4/6 + 5*o**3/6 - 2*o**2 + 2*o. Let i(a) = -a**3 + 39*a**2 + 80*a + 85. Let u be i(41). Give m(u).
-7
Let l(w) = 4*w**2 - 2*w**2 - 19 + 42 - w - 22. Calculate l(-2).
11
Let t(x) = 3*x**2 - 6*x - 6. Suppose 0 = b + 5*i - 1 - 19, 2*i + 19 = 5*b. What is t(b)?
39
Suppose 0 = -z + 11 - 9. Let s(r) = -r**3 + 2*r**2 + 2*r - 1. What is s(z)?
3
Let y(l) = -7*l + 8. Suppose -i - 23 = -3*h - 7, -5*h - 5*i = -40. What is y(h)?
-34
Let i = -4 + -2. Let w(y) = 8*y**2 - 4*y + 8. Let t(m) = 7*m**2 - 4*m + 7. Let q(o) = i*t(o) + 5*w(o). Determine q(2).
-2
Let c(n) = -n**3 + 7*n**2 + 20*n - 9. Let b be c(9). Let p(q) = -2*q + 26. What is p(b)?
8
Suppose 33*b - 52 = 146. Let q(w) be the first derivative of 1/3*w**3 - 1/2*w**2 + b*w - 1. Calculate q(0).
6
Let v(l) = 2*l**3 + 4*l**2 - 9*l - 8. Let x(g) = 3*g**2 - 2*g**2 - 2*g + 0*g**2 - g**3 + 3*g. Let z(b) = -v(b) - x(b). What is z(-6)?
-4
Suppose -29*x + 35*x = -30. Let c be ((-6)/(-6))/((-2)/(-6)). Let q(b) = 3*b - b - c + 7 - 3*b. Determine q(x).
9
Let x = -9 - -3. Let t(c) = -6*c - 11*c**2 + 36*c**2 - 26*c**2 + 1. What is t(x)?
1
Suppose -3*z + 4 - 7 = 0. Let x = z + 0. Let v(u) = -10*u**2 + u**2 - 2 + 1 + 0*u**2. Give v(x).
-10
Suppose -3*t = 2*j - 13, -j - 3*j = 4*t - 32. Let y = j - 9. Let a = 8 - y. Let p(w) = w - 4. Determine p(a).
2
Suppose -40 = -8*c + 12*c. Let t be (-20)/2 - (c - -6). Let v(q) = q**2 + 6*q - 1. Determine v(t).
-1
Let m(i) be the third derivative of -1/3*i**4 + 0*i + 5/6*i**3 + 0 + 2*i**2 + 1/10*i**5 - 1/120*i**6. What is m(5)?
-10
Let x(n) = n**3 - n**2 + n + 1. Let l(o) = 6*o + 17. Let v be l(-3). Let p(t) = -2*t**3 + 8*t**2 - 2*t - 5. Let y(s) = v*x(s) - p(s). Determine y(7).
11
Let s(j) = -3*j + 1. Let x(w) = w**3 - 15*w**2 + w - 12. Let k = -3 + 18. Let u be x(k). Determine s(u).
-8
Let j = 7 - 13. Let k be j*(-4)/(-36)*3. Let p(v) be the third derivative of v**5/60 + v**4/12 - v**3/6 + v**2. Determine p(k).
-1
Let s(p) = 4*p + 13. Let g(z) = 7*z + 21. Let f(q) = -3*g(q) + 5*s(q). Calculate f(-13).
15
Let w be (5 + -1)/((3 - -2)/(-5)). Let k(m) = m**2 + m - 5. Give k(w).
7
Let z(j) = 0*j - 3*j + 2 + 0 + 4*j**2. Suppose 0 = -w + 5*y - 32, -7*w + 2*y - 3 = -10. Give z(w).
29
Let t(z) = -z**2 + 6*z + 6. Let y be (-6)/8 + (-12)/(-16). Suppose -9*u + 2*u + 42 = y. Determine t(u).
6
Let h(c) = -4*c**2 - 4. Suppose 3*j - 18 = -